{"id":1418,"date":"2012-08-07T12:10:51","date_gmt":"2012-08-07T12:10:51","guid":{"rendered":"http:\/\/www.llzbw.de\/?page_id=1418"},"modified":"2024-11-04T14:27:20","modified_gmt":"2024-11-04T12:27:20","slug":"verbande","status":"publish","type":"page","link":"https:\/\/llzbw.de\/?page_id=1418","title":{"rendered":"Verb\u00e4nde"},"content":{"rendered":"<table border=\"1\" cellspacing=\"0\" cellpadding=\"0\">\n<tbody>\n<tr>\n<td style=\"text-align: center;\" valign=\"top\" width=\"300\"><img loading=\"lazy\" decoding=\"async\" class=\"aligncenter wp-image-190\" title=\"WSV1850\" src=\"http:\/\/www.llzbw.de\/wp-content\/uploads\/2011\/08\/WSV1850.jpg\" width=\"100\" height=\"52\"><a title=\"WSV 1850\" href=\"http:\/\/www.wsv1850.de\/\" target=\"_blank\" rel=\"noopener\">W\u00fcrttembergischer Sch\u00fctzenverband 1850 e.V.<\/a><\/td>\n<td style=\"text-align: center;\" valign=\"top\" width=\"300\"><img loading=\"lazy\" decoding=\"async\" class=\"aligncenter wp-image-190\" title=\"BSV\" src=\"https:\/\/llzbw.de\/wp-content\/uploads\/2011\/08\/BSV.jpg\" alt=\"\" width=\"100\" height=\"100\"><a href=\"http:\/\/www.bsvleimen.de\/\" target=\"_blank\" rel=\"noopener\">Badischer Sportsch\u00fctzenverband e.V.<\/a><\/td>\n<td style=\"text-align: center;\" valign=\"top\" width=\"300\"><a href=\"http:\/\/www.llzbw.de\/wp-content\/uploads\/2013\/09\/sbsv.jpg\"><img loading=\"lazy\" decoding=\"async\" class=\"aligncenter wp-image-2264\" title=\"SBSV\" src=\"http:\/\/www.llzbw.de\/wp-content\/uploads\/2013\/09\/sbsv-170x200.jpg\" alt=\"\" width=\"100\" height=\"117\" srcset=\"https:\/\/llzbw.de\/wp-content\/uploads\/2013\/09\/sbsv-170x200.jpg 170w, https:\/\/llzbw.de\/wp-content\/uploads\/2013\/09\/sbsv-255x300.jpg 255w, https:\/\/llzbw.de\/wp-content\/uploads\/2013\/09\/sbsv-511x600.jpg 511w, https:\/\/llzbw.de\/wp-content\/uploads\/2013\/09\/sbsv.jpg 713w\" sizes=\"auto, (max-width: 100px) 100vw, 100px\" \/><\/a><a title=\"S\u00fcdbadischer Sportsch\u00fctzenverband e.V.\" href=\"http:\/\/www.sbsv.de\" target=\"_blank\" rel=\"noopener\">S\u00fcdbadischer Sportsch\u00fctzenverband e.V.<\/a><\/td>\n<\/tr>\n<tr>\n<td style=\"text-align: center;\" width=\"300\"><img loading=\"lazy\" decoding=\"async\" class=\"wp-image-175 aligncenter\" title=\"DSB\" src=\"http:\/\/www.llzbw.de\/wp-content\/uploads\/2011\/08\/DSB.jpg\" alt=\"\" width=\"100\" height=\"65\"><a title=\"Deutscher Sch\u00fctzenbund\" href=\"http:\/\/www.dsb.de\" target=\"_blank\" rel=\"noopener\">Deutscher<br \/>\nSch\u00fctzenbund e.V.<\/a><\/td>\n<td style=\"text-align: center;\" width=\"300\"><img loading=\"lazy\" decoding=\"async\" class=\"aligncenter size-full wp-image-190\" title=\"ISSF\" src=\"https:\/\/llzbw.de\/wp-content\/uploads\/2011\/08\/ISSF.jpg\" alt=\"\" width=\"70\" height=\"80\"><a href=\"http:\/\/www.issf-sports.org\/\" target=\"_blank\" rel=\"noopener\">International Shooting Sport Federation<\/a><\/td>\n<td style=\"text-align: center;\" width=\"300\"><img loading=\"lazy\" decoding=\"async\" class=\"size-full wp-image-190 aligncenter\" title=\"OSP\" src=\"https:\/\/llzbw.de\/wp-content\/uploads\/2011\/07\/OSP.jpg\" alt=\"\" width=\"50\" height=\"98\"><a href=\"http:\/\/www.osp-stuttgart.org\/\">Olympia St\u00fctzpunkt Stuttgart<\/a><\/td>\n<\/tr>\n<tr>\n<td style=\"text-align: center;\" width=\"300\"><img loading=\"lazy\" decoding=\"async\" class=\"aligncenter size-full wp-image-190\" title=\"DOSB\" src=\"https:\/\/llzbw.de\/wp-content\/uploads\/2011\/08\/DOSB.jpg\" alt=\"\" width=\"190\" height=\"80\"><a href=\"http:\/\/www.dosb.de\" target=\"_blank\" rel=\"noopener\">Deutscher Olympischer SportBund<\/a><\/td>\n<td style=\"text-align: center;\" width=\"300\">&nbsp;<\/td>\n<td style=\"text-align: center;\" width=\"300\"><img loading=\"lazy\" decoding=\"async\" class=\"aligncenter wp-image-190\" title=\"LSV\" src=\"http:\/\/www.llzbw.de\/wp-content\/uploads\/2012\/08\/LSV.png\" alt=\"\" width=\"197\" height=\"83\"><a title=\"Landessportverband Baden-W\u00fcrttemberg\" href=\"http:\/\/www.lsvbw.de\" target=\"_blank\" rel=\"noopener\">Landessportverband Baden-W\u00fcrttemberg <\/a><\/td>\n<\/tr>\n<tr>\n<td style=\"text-align: center;\" width=\"300\"><img loading=\"lazy\" decoding=\"async\" class=\"aligncenter size-full wp-image-190\" title=\"ESC\" src=\"https:\/\/llzbw.de\/wp-content\/uploads\/2011\/08\/ESC.jpg\" alt=\"\" width=\"100\" height=\"100\"><a href=\"http:\/\/www.esc-shooting.org\/\" target=\"_blank\" rel=\"noopener\">European Shooting Confederation<\/a><\/td>\n<td style=\"text-align: center;\" width=\"300\"><img loading=\"lazy\" decoding=\"async\" class=\"aligncenter size-full wp-image-4023\" src=\"http:\/\/www.llzbw.de\/wp-content\/uploads\/2017\/01\/Logo_WAE_2013.jpg\" alt=\"\" width=\"150\" height=\"115\"><a href=\"http:\/\/www.archeryeurope.org\" target=\"_blank\" rel=\"noopener\">World Archery Europe<\/a><\/td>\n<td style=\"text-align: center;\" width=\"300\"><img loading=\"lazy\" decoding=\"async\" class=\"aligncenter size-full wp-image-190\" title=\"WAF\" src=\"https:\/\/llzbw.de\/wp-content\/uploads\/2011\/08\/IAF.jpg\" alt=\"\" width=\"100\" height=\"100\"><a href=\"http:\/\/www.archery.org\/\" target=\"_blank\" rel=\"noopener\">World Archery Federation<\/a><\/td>\n<\/tr>\n<\/tbody>\n<\/table>\n","protected":false},"excerpt":{"rendered":"<p>W\u00fcrttembergischer Sch\u00fctzenverband 1850 e.V. Badischer Sportsch\u00fctzenverband e.V. S\u00fcdbadischer Sportsch\u00fctzenverband e.V. Deutscher Sch\u00fctzenbund e.V. International Shooting Sport Federation Olympia St\u00fctzpunkt Stuttgart Deutscher Olympischer SportBund &nbsp; Landessportverband Baden-W\u00fcrttemberg European Shooting Confederation World Archery Europe World Archery Federation<\/p>\n","protected":false},"author":1,"featured_media":0,"parent":168,"menu_order":0,"comment_status":"closed","ping_status":"closed","template":"","meta":{"ngg_post_thumbnail":0,"footnotes":""},"class_list":["post-1418","page","type-page","status-publish","hentry"],"_links":{"self":[{"href":"https:\/\/llzbw.de\/index.php?rest_route=\/wp\/v2\/pages\/1418","targetHints":{"allow":["GET"]}}],"collection":[{"href":"https:\/\/llzbw.de\/index.php?rest_route=\/wp\/v2\/pages"}],"about":[{"href":"https:\/\/llzbw.de\/index.php?rest_route=\/wp\/v2\/types\/page"}],"author":[{"embeddable":true,"href":"https:\/\/llzbw.de\/index.php?rest_route=\/wp\/v2\/users\/1"}],"replies":[{"embeddable":true,"href":"https:\/\/llzbw.de\/index.php?rest_route=%2Fwp%2Fv2%2Fcomments&post=1418"}],"version-history":[{"count":24,"href":"https:\/\/llzbw.de\/index.php?rest_route=\/wp\/v2\/pages\/1418\/revisions"}],"predecessor-version":[{"id":6209,"href":"https:\/\/llzbw.de\/index.php?rest_route=\/wp\/v2\/pages\/1418\/revisions\/6209"}],"up":[{"embeddable":true,"href":"https:\/\/llzbw.de\/index.php?rest_route=\/wp\/v2\/pages\/168"}],"wp:attachment":[{"href":"https:\/\/llzbw.de\/index.php?rest_route=%2Fwp%2Fv2%2Fmedia&parent=1418"}],"curies":[{"name":"wp","href":"https:\/\/api.w.org\/{rel}","templated":true}]}}