{"id":9,"date":"2011-07-20T14:47:35","date_gmt":"2011-07-20T14:47:35","guid":{"rendered":"http:\/\/llz.schiess-blog.de\/?page_id=9"},"modified":"2026-03-28T16:24:54","modified_gmt":"2026-03-28T14:24:54","slug":"d2-gewehr","status":"publish","type":"page","link":"https:\/\/llzbw.de\/?page_id=9","title":{"rendered":"LK II Gewehr"},"content":{"rendered":"<table border=\"1\" cellspacing=\"1\" cellpadding=\"1\">\n<tbody>\n<tr>\n<td><strong>Nachname<\/strong><\/td>\n<td><strong>Vorname<\/strong><\/td>\n<td><strong>DSB Kader<\/strong><\/td>\n<\/tr>\n<tr>\n<td>Raible<\/td>\n<td>Annika<\/td>\n<td>Nachwuchskader 2<\/td>\n<\/tr>\n<tr>\n<td>B\u00e4sig<\/td>\n<td>Benjamin<\/td>\n<td>&nbsp;<\/td>\n<\/tr>\n<tr>\n<td>Bitzer<\/td>\n<td>Carolin<\/td>\n<td>&nbsp;<\/td>\n<\/tr>\n<tr>\n<td>D\u00fcrr<\/td>\n<td>Lisa<\/td>\n<td>&nbsp;<\/td>\n<\/tr>\n<tr>\n<td>Gelbing<\/td>\n<td>Paula<\/td>\n<td>&nbsp;<\/td>\n<\/tr>\n<tr>\n<td>Grie\u00dfer<\/td>\n<td>Ben<\/td>\n<td>&nbsp;<\/td>\n<\/tr>\n<tr>\n<td>Kerbstat<\/td>\n<td>Helene<\/td>\n<td>&nbsp;<\/td>\n<\/tr>\n<tr>\n<td>M\u00fcller<\/td>\n<td>Flinn<\/td>\n<td>&nbsp;<\/td>\n<\/tr>\n<tr>\n<td>Ziegler<\/td>\n<td>Liv<\/td>\n<td>&nbsp;<\/td>\n<\/tr>\n<tr>\n<td><strong><span style=\"text-decoration: underline;\"><span style=\"font-family: Arial;\">Trainer<\/span><\/span><\/strong><\/td>\n<td>&nbsp;<\/td>\n<td>&nbsp;<\/td>\n<\/tr>\n<tr>\n<td>Greulich<\/td>\n<td>Yvonne<\/td>\n<td>&nbsp;<\/td>\n<\/tr>\n<tr>\n<td>G\u00f6\u00dfler<\/td>\n<td>Ramona<\/td>\n<td>&nbsp;<\/td>\n<\/tr>\n<tr>\n<td>K\u00f6stel<\/td>\n<td>Frank<\/td>\n<td>&nbsp;<\/td>\n<\/tr>\n<tr>\n<td>R\u00f6ller<\/td>\n<td>Dirk<\/td>\n<td>&nbsp;<\/td>\n<\/tr>\n<tr>\n<td>Schweter<\/td>\n<td>Torben<\/td>\n<td>&nbsp;<\/td>\n<\/tr>\n<\/tbody>\n<\/table>\n","protected":false},"excerpt":{"rendered":"<p>Nachname Vorname DSB Kader Raible Annika Nachwuchskader 2 B\u00e4sig Benjamin &nbsp; Bitzer Carolin &nbsp; D\u00fcrr Lisa &nbsp; Gelbing Paula &nbsp; Grie\u00dfer Ben &nbsp; Kerbstat Helene &nbsp; M\u00fcller Flinn &nbsp; Ziegler Liv &nbsp; Trainer &nbsp; &nbsp; Greulich Yvonne &nbsp; G\u00f6\u00dfler Ramona &hellip; <a href=\"https:\/\/llzbw.de\/?page_id=9\">Weiterlesen <span class=\"meta-nav\">&rarr;<\/span><\/a><\/p>\n","protected":false},"author":1,"featured_media":0,"parent":6,"menu_order":1,"comment_status":"closed","ping_status":"open","template":"","meta":{"ngg_post_thumbnail":0,"footnotes":""},"class_list":["post-9","page","type-page","status-publish","hentry"],"_links":{"self":[{"href":"https:\/\/llzbw.de\/index.php?rest_route=\/wp\/v2\/pages\/9","targetHints":{"allow":["GET"]}}],"collection":[{"href":"https:\/\/llzbw.de\/index.php?rest_route=\/wp\/v2\/pages"}],"about":[{"href":"https:\/\/llzbw.de\/index.php?rest_route=\/wp\/v2\/types\/page"}],"author":[{"embeddable":true,"href":"https:\/\/llzbw.de\/index.php?rest_route=\/wp\/v2\/users\/1"}],"replies":[{"embeddable":true,"href":"https:\/\/llzbw.de\/index.php?rest_route=%2Fwp%2Fv2%2Fcomments&post=9"}],"version-history":[{"count":58,"href":"https:\/\/llzbw.de\/index.php?rest_route=\/wp\/v2\/pages\/9\/revisions"}],"predecessor-version":[{"id":6621,"href":"https:\/\/llzbw.de\/index.php?rest_route=\/wp\/v2\/pages\/9\/revisions\/6621"}],"up":[{"embeddable":true,"href":"https:\/\/llzbw.de\/index.php?rest_route=\/wp\/v2\/pages\/6"}],"wp:attachment":[{"href":"https:\/\/llzbw.de\/index.php?rest_route=%2Fwp%2Fv2%2Fmedia&parent=9"}],"curies":[{"name":"wp","href":"https:\/\/api.w.org\/{rel}","templated":true}]}}